{"id":98799,"date":"2026-04-01T11:34:54","date_gmt":"2026-04-01T09:34:54","guid":{"rendered":"https:\/\/www.settdagarna.se\/?post_type=activity&#038;p=98799"},"modified":"2026-04-09T15:25:42","modified_gmt":"2026-04-09T13:25:42","slug":"att-arbeta-demokratiskt-eller-med-demokrati-i-forskolan","status":"publish","type":"activity","link":"https:\/\/www.settdagarna.se\/sv\/session\/att-arbeta-demokratiskt-eller-med-demokrati-i-forskolan\/","title":{"rendered":"Att arbeta demokratiskt eller med demokrati i f\u00f6rskolan?"},"content":{"rendered":"\n<p>Demokratiskt och demokrati \u00e4r sv\u00e5ra ord men ocks\u00e5 ord som g\u00f6r stor skillnad. B\u00e5de i det \u00a0lilla p\u00e5 f\u00f6rskolan och i det stora, i samh\u00e4llet och v\u00e4rlden.<br><br>Den h\u00e4r programpunkten handlar om\u00a0skillnaden i att arbeta demokratisk \u00a0eller att arbeta med demokrati.<br>Vi pratar om demokrati som inneh\u00e5ll eller arbetss\u00e4tt. Vad \u00e4r skillnaden och vad \u00e4r f\u00f6rskolans uppdrag?<\/p>\n\n\n\n<p>I ett samtal tillsammans med Martina Lundstr\u00f6m f\u00f6rs\u00f6ker vi f\u00f6rst\u00e5 hur det ska bli m\u00f6jligt att \u00a0arbeta med demokratisk motst\u00e5ndskraft p\u00e5 det s\u00e4tt som Setts tema i \u00e5r beskriver. Vi beh\u00f6ver verktyg f\u00f6ra att st\u00e5 stadiga i v\u00e5rt demokratiska Uppdrag i f\u00f6rskolan.<\/p>\n","protected":false},"excerpt":{"rendered":"<p>Demokratiskt och demokrati \u00e4r sv\u00e5ra ord men ocks\u00e5 ord som g\u00f6r stor skillnad. B\u00e5de i det \u00a0lilla p\u00e5 f\u00f6rskolan och i det stora, i samh\u00e4llet och v\u00e4rlden. Den h\u00e4r programpunkten handlar om\u00a0skillnaden i att arbeta demokratisk \u00a0eller att arbeta med demokrati.Vi pratar om demokrati som inneh\u00e5ll eller arbetss\u00e4tt. Vad \u00e4r skillnaden och vad \u00e4r f\u00f6rskolans [&hellip;]<\/p>\n","protected":false},"featured_media":0,"template":"","meta":{"_seopress_robots_primary_cat":"","_seopress_titles_title":"","_seopress_titles_desc":"","_seopress_robots_index":"","_activity_time_start":"14:00","_activity_time_end":"14:45","_activity_date":"2026-04-15","_activity_price":"0","footnotes":""},"edition":[696],"location":[620],"track":[606],"activity_type":[611],"class_list":["post-98799","activity","type-activity","status-publish","hentry","edition-sett-2026","location-a1","track-settsparet","activity_type-forskola"],"_guests":[{"href":"https:\/\/www.settdagarna.se\/sv\/wp-json\/wp\/v2\/guest\/98816"},{"href":"https:\/\/www.settdagarna.se\/sv\/wp-json\/wp\/v2\/guest\/98803"},{"href":"https:\/\/www.settdagarna.se\/sv\/wp-json\/wp\/v2\/guest\/96634"}],"_sponsors":[],"_cover_image":null,"_links":{"self":[{"href":"https:\/\/www.settdagarna.se\/sv\/wp-json\/wp\/v2\/activity\/98799","targetHints":{"allow":["GET"]}}],"collection":[{"href":"https:\/\/www.settdagarna.se\/sv\/wp-json\/wp\/v2\/activity"}],"about":[{"href":"https:\/\/www.settdagarna.se\/sv\/wp-json\/wp\/v2\/types\/activity"}],"version-history":[{"count":2,"href":"https:\/\/www.settdagarna.se\/sv\/wp-json\/wp\/v2\/activity\/98799\/revisions"}],"predecessor-version":[{"id":98821,"href":"https:\/\/www.settdagarna.se\/sv\/wp-json\/wp\/v2\/activity\/98799\/revisions\/98821"}],"wp:attachment":[{"href":"https:\/\/www.settdagarna.se\/sv\/wp-json\/wp\/v2\/media?parent=98799"}],"wp:term":[{"taxonomy":"edition","embeddable":true,"href":"https:\/\/www.settdagarna.se\/sv\/wp-json\/wp\/v2\/edition?post=98799"},{"taxonomy":"location","embeddable":true,"href":"https:\/\/www.settdagarna.se\/sv\/wp-json\/wp\/v2\/location?post=98799"},{"taxonomy":"track","embeddable":true,"href":"https:\/\/www.settdagarna.se\/sv\/wp-json\/wp\/v2\/track?post=98799"},{"taxonomy":"activity_type","embeddable":true,"href":"https:\/\/www.settdagarna.se\/sv\/wp-json\/wp\/v2\/activity_type?post=98799"}],"curies":[{"name":"wp","href":"https:\/\/api.w.org\/{rel}","templated":true}]}}

Att arbeta demokratiskt eller med demokrati i förskolan?

<p>Demokratiskt och demokrati är svåra ord men också ord som gör stor skillnad. Både i det  lilla på förskolan och i det stora, i samhället och världen.<br><br>Den här programpunkten handlar om skillnaden i att arbeta demokratisk  eller att arbeta med demokrati.<br>Vi pratar om demokrati som innehåll eller arbetssätt. Vad är skillnaden och vad är förskolans uppdrag?</p>



<p>I ett samtal tillsammans med Martina Lundström försöker vi förstå hur det ska bli möjligt att  arbeta med demokratisk motståndskraft på det sätt som Setts tema i år beskriver. Vi behöver verktyg föra att stå stadiga i vårt demokratiska Uppdrag i förskolan.</p>

<p>Demokratiskt och demokrati är svåra ord men också ord som gör stor skillnad. Både i det  lilla på förskolan och i det stora, i samhället och världen. Den här programpunkten handlar om skillnaden i att arbeta demokratisk  eller att arbeta med demokrati.Vi pratar om demokrati som innehåll eller arbetssätt. Vad är skillnaden och vad är förskolans [&hellip;]</p>
